uppose 3*p = 5*h - 45, -4 - 11 = -5*h - 3*p. Suppose r + 3*m - 7 = 0, -h = -4*r + m - 4. Let c(x) = 8*x**2 - 1. What is c(r)?
7
Let g(f) = -48*f**2 + 18*f**2 - 2*f + 31*f**2 - f - 9. What is g(-4)?
19
Let b(z) = -36*z + 14 - 3 + 37*z. Determine b(-13).
-2
Let u(x) = -4*x**2. Let c(a) = a**2 + a + 1. Let o(j) = -3*c(j) - u(j). Let t = 2 - 10. Let y be ((-6)/t)/(7/28). Give o(y).
-3
Let f(s) = 2 + 2*s - 2 + 2 - 5. Determine f(2).
1
Let a(h) = h**2 - 2*h - 2. Let l(g) = g**3 + 4*g**2 + 21*g + 16. Let r(t) = -6*a(t) - l(t). Determine r(-9).
-4
Let o(b) = 0*b + 2*b - 28 + 29. Let u be o(1). Let v(m) = 6*m**2 + u*m - 2*m - 2*m + 0*m. Determine v(-1).
7
Let c(g) = -12*g. Suppose -3*y - y = 64. Let b(d) = d. Let x(w) = y*b(w) - c(w). Let q be (-2 + -1)*1/(-3). Give x(q).
-4
Let i(f) be the third derivative of f**4/12 - 2*f**3/3 + 2*f**2. Let x be i(5). Suppose x*v - 12 = 3*v. Let s(t) = -t**2 + 4*t + 3. Calculate s(v).
3
Let f(x) = 2*x**2 - x - 1. Let p be f(2). Let j(s) = -349*s**3 + 4*s**2 - 69*s + 73*s + 4 + 348*s**3. Give j(p).
-1
Let d(v) = -6*v - 2. Let k(b) be the second derivative of 0 + 5/6*b**3 + 4*b + 3/2*b**2. Let u(f) = -3*d(f) - 4*k(f). Give u(-6).
6
Suppose -8 = 43*s - 47*s. Let p(j) = 52*j - 2 - 46*j + 2*j**s - j**3 + 0. Calculate p(4).
-10
Let j(o) = o - 1. Let z(r) = 4*r + 1. Let a(w) = -2*j(w) + z(w). Let p = -85 + 81. What is a(p)?
-5
Let b(y) be the second derivative of -2*y**3/3 - y**2/2 - 2*y + 1. What is b(1)?
-5
Let q(m) = m**2 + 2*m - 4. Let u(r) = r**2 + 8*r + 16. Let c be u(-6). Suppose 0 = -c*d - 8*d + 48. Give q(d).
20
Let a(r) = 4*r - 2*r**2 + 0*r - 6 + 0*r**2. Let h(f) = 19*f - 5*f - 6*f - 9 - 7 + f**2. Let u be h(-10). What is a(u)?
-22
Let m(z) = 2*z + 0 - z - 1. Let v(y) = -y**2 - 2*y - 5. Let d(b) = 2*m(b) + v(b). Give d(0).
-7
Let t(q) = 5*q - 17*q + 6*q + 5*q. Determine t(-6).
6
Let s(t) = -2*t**2 - 13*t + 1. Let v be 171/38*12/(-9). What is s(v)?
7
Let y(j) be the third derivative of -j**5/60 - 3*j**4/8 - 17*j**3/6 - 62*j**2. Calculate y(-8).
-9
Let c(h) = 14*h**2 + 4*h - 10*h**2 + 9 - 12. Give c(2).
21
Suppose 12 = 12*f - 8*f. Let p(j) = 2*j**2 + 2 + 19*j + j**3 - 13*j + f*j**2. Determine p(-4).
-6
Let d(j) = -23 - 34 + 13*j**2 - 3*j + 54. What is d(-2)?
55
Let q(f) = f**3 + 3*f**2 - 2*f + 9. Suppose 1758 - 1750 = -2*k. Calculate q(k).
1
Let q(n) = -n**3 - 5*n**2 - 3*n - 2. Let g(m) = -106*m - 2. Let c be g(-1). Let i be c/32 + 1/(-4). Suppose 4*y + 0 = -4*x + 4, -i*x - 5 = y. Give q(x).
-11
Let x(z) = -z**2. Let o(t) = -2*t**2 + 3*t - 4. Let y(c) = -o(c) + 4*x(c). What is y(-3)?
-5
Let q(c) = c + 32. Let w(r) = -7. Let o(z) = -q(z) - 5*w(z). Give o(1).
2
Let s(j) = -4*j - 9. Suppose 3*g + g - 20 = 0. Let k(m) = 5*m + 9. Let n(l) = g*k(l) + 6*s(l). Give n(7).
-2
Let f(k) = k**3 + 6*k**2 - 5. Let r be f(-6). Let y(g) = 0*g - g + 34 - 33. What is y(r)?
6
Suppose -73 = -2*m + p, 4*m + 3*p = -0*p + 171. Let g = m + -37. Let j(v) = 2*v**3 - 2*v**2 - v. What is j(g)?
6
Let s(d) = 2*d**2 + 17*d - 7. Let b(v) = v**2 + 10*v - 4. Let w(i) = 5*b(i) - 3*s(i). Let m be 3/6 + 1/(-2). Give w(m).
1
Let m(g) = g + 6*g**2 + g**2 - g**2 - 2*g**2. Let b be 7/(-14)*(3 + -1). Calculate m(b).
3
Let h(s) = -5*s**2 + 2*s - 1. Suppose -q + 69 = 3*x + 2*q, -33 = -x - 3*q. Suppose 3*a + x = 3*g, 3*g + 4*a + 3 + 14 = 0. Give h(g).
-4
Let s(h) = h**3 + 2*h + 1. Let k be s(-2). Let c(w) = -w. Let t be c(k). Let x = t + -7. Let n(y) = 3*y - 5. Determine n(x).
7
Let s(x) = -x**3 + 1. Let c(p) = -5*p**3 - p**2 - 2. Let y be (0 - -5) + -4 - -1. Let n(k) = y*s(k) + c(k). Give n(-1).
6
Let t = -7 + 12. Let u be (-21)/84 - t/(-4). Let y(q) = 5*q**3 + 2*q**2 - q. What is y(u)?
6
Suppose -n - 4 - 8 = 0. Let w be 3/4 + 105/n. Let k(v) = -287 + 154 + 142 + v. Calculate k(w).
1
Let x(r) = 15*r + 1. Let h(j) = -4*j - 30. Let a be h(-5). Let n(w) = w**3 + 11*w - 3*w**2 + 0*w**3 + 9 + 14*w**2. Let v be n(a). Determine x(v).
-14
Let c(a) = 13*a**3 - a**2 + a + 1. Suppose 3*n = -5*n - 8. Determine c(n).
-14
Let s(m) be the first derivative of 4*m**2 + m + 46. Give s(-1).
-7
Let w be 4/(-3) + 200/15. Let b(p) = -27 + 2*p + 3*p**3 + w + 18 + 3*p**2. Calculate b(-2).
-13
Let f(d) = -d**3 - 2*d**2 - d + 2. Suppose 0 = -2*k - 3*h + 13, h - 10 = -k - 5. Suppose -5*x - 4*m = -6, -4*x - k*m = 3*m - 12. What is f(x)?
4
Suppose -2*j = 2*j - 376. Let k(v) = v + 9*v**2 - j + 94. Calculate k(-1).
8
Let t(k) = -k**3 + 3*k**2 - k - 2. Let a = -10 + 17. Suppose l + 5*m = a, -5*l - 3*m + 6*m = -7. Determine t(l).
0
Suppose -1006*h = -3*u - 1001*h + 24, 0 = 4*u - 5*h - 27. Let c(f) = -3 - f + 0*f + 1. Determine c(u).
-5
Let q(b) = -2*b + 15. Suppose l - 7 = -4*a, -5*a - 31 + 81 = 5*l. What is q(l)?
-7
Let g be (-2)/16 - (-6)/48. Suppose 2*u - 20 = -2*h, 5*h = -g*h + 2*u + 15. Let j(m) = -m**2 + 7. Determine j(h).
-18
Let c(f) = 0*f - 4*f + 6*f - 8. Suppose 9 = -j + h, -j - h = -4*j - 19. Let v(l) = -l**3 - 6*l**2 - 7*l - 4. Let b be v(j). Determine c(b).
4
Let t(a) = 1048*a + 10 - 526*a - a**2 - 520*a. Determine t(7).
-25
Let f(p) = 5*p**2 - 2*p - 1. Suppose 13*h + 5 = 8*h. Give f(h).
6
Let c(r) = -r**2 + 2*r + 3. Suppose 3*x - 5*s - 35 = 0, 4 = x + s + 3. Determine c(x).
-12
Let n(o) = 3 - 9*o**2 + 26*o**2 + 8*o - 9*o**2 - 9*o**2. Calculate n(8).
3
Let b(t) = 2*t**2 - 8*t - 7. Let m(z) = 5*z**2 - 16*z - 14. Let r(a) = -7*b(a) + 3*m(a). Let u be r(-2). Let n(v) = 6*v - 3 + 2 + 0 + 0 + v**2. Give n(u).
-6
Let f = 96 + -103. Let h(s) = -3*s - 7. Determine h(f).
14
Let o = -114 - -55. Let c = -42 - o. Suppose -2*g = k - g - 8, 4*k - g - c = 0. Let h(n) = n - 12. Calculate h(k).
-7
Let t(m) = 38*m - 190. Let f be t(5). Let a(j) = -j**2 - 10. Give a(f).
-10
Let r(b) = 2*b - 7 - 3 - 3*b + 5 - 11. Determine r(-14).
-2
Let b(v) = 15*v + 169. Let k be b(-10). Let d(a) = a - 12. What is d(k)?
7
Let i(o) = -o**2 - 6*o. Suppose 5*k = -0*q - 3*q + 36, -5*q = -3*k + 8. Suppose 0 = 3*w - k*w + 45. Suppose 0 = -3*y - w - 0. What is i(y)?
5
Let l(u) = -2*u**3 - 7*u**3 - 9*u**3 + 7*u**3 - u**2. Calculate l(1).
-12
Let t(r) = 2*r - 15. Let u(i) = i - 7. Suppose 0 = -3*p + 2*p - 4. Let n be (-1 + 10)*(-7 - -8). Let o(w) = n*u(w) + p*t(w). Calculate o(-5).
-8
Let p(v) = 6*v. Let n = -294 + 288. Determine p(n).
-36
Let t(h) be the first derivative of 4*h**3/3 + h**2/2 - 2. Suppose -5*s = -505 + 500. What is t(s)?
5
Let y = 1821 - 1815. Let s(b) = 2*b - 9. Give s(y).
3
Let c(h) be the third derivative of 5*h**5/12 + h**3/6 + 2*h**2 + 3*h. Give c(1).
26
Let p be 2/(-3)*9/(-2). Suppose -2*a = -p*a + 4. Let y(h) = 1 - 2*h + a*h + 3 - 3*h. What is y(-6)?
10
Let z(f) be the first derivative of -35 + 4*f + 1/2*f**2. Determine z(-6).
-2
Suppose 0*l - 10 = -2*l. Suppose 2*j + l*z + 0 = -10, -j - z + 1 = 0. Let g(y) = -y**2 + 4*y + y - 24 + 30. Calculate g(j).
6
Let f(p) = -p**2 + p - 4. Suppose -3 = -3*b, 0*k = -k + 3*b + 3. Let c(r) = -r**3 - 6*r - r - k*r + 9*r**2 - 7. Let x be c(7). Calculate f(x).
-4
Let i(x) = x**3 - 4*x**2 + 3*x + 1. Let s(h) = -3 - 9 - h - 3. Let p(t) = -6*t - 138. Let q be p(-20). Let o be s(q). What is i(o)?
1
Let u(k) be the third derivative of -k**7/840 - k**6/72 - k**5/120 + k**4/6 - k**3 - 8*k**2. Let o(q) be the first derivative of u(q). Determine o(-4).
-8
Let d(t) = -5*t - 3. Suppose b = -b. Suppose 2*f = c + 12 - 3, -4*c - 10 = 5*f. Suppose -j - f = z - 0*j, 2*z + 3*j + 4 = b. Give d(z).
7
Let h(s) = -4*s + 19. Let k be h(3). Let w(u) = -108*u + k - 2 + 109*u. What is w(8)?
13
Let l be ((-5)/(50/(-15)))/(24/208). Let z(s) = s**3 - 13*s**2 - s + 4. Calculate z(l).
-9
Let u(i) be the first derivative of -i**6/120 - i**5/10 - i**4/12 + i**3/2 + 9*i**2 + 18. Let s(b) be the second derivative of u(b). What is s(-5)?
-12
Let x(y) = -7*y**2 + 2*y - 14. Let a(z) = -z**2 - z - 1. Let f(q) = -6*a(q) + x(q). Suppose -5*u = 4*m - 8 - 10, m = -3*u + 15. Calculate f(u).
4
Suppose -19*a + 10 = -17*a. Let q(k) = -2*k + 8. Let b be q(a). Let m(i) = -2*i**3 - i**3 + i + 2*i**3. Give m(b).
6
Let i(y) = -y**2 + 9*y - 4. Let g be i(8). Let v(b) be the first derivative of -b**2/2 + b + 13. Let n(d) = 5*d - 4. Let u(o) = n(o) + 6*v(o). Determine u(g).
-2
Suppose 11 = -4*p + 4*r - 29, 12 = -p + 2*r. Let f(b) = 7*b + 51. Determine f(p).
-5
Let x(s) = -s**2 + 10*s - 7. Suppose 47 = -2*w - o + 6